{"id":327,"date":"2019-08-03T14:56:00","date_gmt":"2019-08-03T13:56:00","guid":{"rendered":"http:\/\/fiction-science.com\/?page_id=327"},"modified":"2019-08-03T14:56:00","modified_gmt":"2019-08-03T13:56:00","slug":"revue-de-presse-2019","status":"publish","type":"page","link":"http:\/\/fiction-science.com\/index.php\/revue-de-presse-2019\/","title":{"rendered":"Revue de presse 2019"},"content":{"rendered":"<p style=\"text-align: center;\">Cette ann\u00e9e, la radio \u00e9tait \u00e0 l&rsquo;honneur pour parler des cyborgs !<\/p>\n<p style=\"text-align: center;\"><em>Cliquez sur les logos pour acc\u00e9der aux \u00e9missions.<\/em><\/p>\n<p style=\"text-align: center;\"><strong>France bleu Besan\u00e7on : \u00ab\u00a0Quand les cyborgs tentent d&rsquo;imiter notre cerveau&#8230;\u00a0\u00bb<br \/>\n<\/strong><\/p>\n<p><a href=\"https:\/\/www.francebleu.fr\/emissions\/made-franche-comte\/besancon\/quand-les-cyborgs-tentent-d-imiter-notre-cerveau\" target=\"_blank\" rel=\"noopener\"><img loading=\"lazy\" class=\"irc_mi aligncenter\" src=\"https:\/\/www.francebleu.fr\/img\/station\/logo\/logo_francebleu_besancon.jpg\" alt=\"R\u00e9sultat de recherche d'images pour &quot;france bleu besan\u00e7on&quot;\" width=\"245\" height=\"245\" data-iml=\"1564840419501\" \/><\/a><\/p>\n<p style=\"text-align: center;\" align=\"justify\"><strong>Radio Campus Besan\u00e7on : \u00ab\u00a0Journ\u00e9e cyborgs\u00a0\u00bb<\/strong><\/p>\n<p align=\"justify\"><a href=\"https:\/\/www.mixcloud.com\/radiocampusbezak\/mergule-nouvelle-asso-sur-le-campus-journ%C3%A9e-cyborgs-la-route-du-permis-universcit%C3%A9-90519\" target=\"_blank\" rel=\"noopener\"><img loading=\"lazy\" class=\"header__logo-image aligncenter\" src=\"https:\/\/campusbesancon.fr\/sites\/default\/files\/logo_0.png\" alt=\"Accueil\" width=\"240\" height=\"173\" \/><\/a><\/p>\n","protected":false},"excerpt":{"rendered":"<p>Cette ann\u00e9e, la radio \u00e9tait \u00e0 l&rsquo;honneur pour parler des cyborgs ! Cliquez sur les logos pour acc\u00e9der aux \u00e9missions. France bleu Besan\u00e7on : \u00ab\u00a0Quand les cyborgs tentent d&rsquo;imiter notre cerveau&#8230;\u00a0\u00bb Radio Campus Besan\u00e7on : \u00ab\u00a0Journ\u00e9e cyborgs\u00a0\u00bb<\/p>\n","protected":false},"author":1,"featured_media":0,"parent":0,"menu_order":0,"comment_status":"closed","ping_status":"closed","template":"","meta":[],"_links":{"self":[{"href":"http:\/\/fiction-science.com\/index.php\/wp-json\/wp\/v2\/pages\/327"}],"collection":[{"href":"http:\/\/fiction-science.com\/index.php\/wp-json\/wp\/v2\/pages"}],"about":[{"href":"http:\/\/fiction-science.com\/index.php\/wp-json\/wp\/v2\/types\/page"}],"author":[{"embeddable":true,"href":"http:\/\/fiction-science.com\/index.php\/wp-json\/wp\/v2\/users\/1"}],"replies":[{"embeddable":true,"href":"http:\/\/fiction-science.com\/index.php\/wp-json\/wp\/v2\/comments?post=327"}],"version-history":[{"count":0,"href":"http:\/\/fiction-science.com\/index.php\/wp-json\/wp\/v2\/pages\/327\/revisions"}],"wp:attachment":[{"href":"http:\/\/fiction-science.com\/index.php\/wp-json\/wp\/v2\/media?parent=327"}],"curies":[{"name":"wp","href":"https:\/\/api.w.org\/{rel}","templated":true}]}}