{"id":198,"date":"2018-04-04T09:48:54","date_gmt":"2018-04-04T08:48:54","guid":{"rendered":"http:\/\/fiction-science.com\/?page_id=198"},"modified":"2022-04-26T16:16:13","modified_gmt":"2022-04-26T14:16:13","slug":"super-heros-mythe-ou-realite-2","status":"publish","type":"page","link":"http:\/\/fiction-science.com\/index.php\/super-heros-mythe-ou-realite-2\/","title":{"rendered":"\u00ab\u00a0Super-h\u00e9ros : mythe ou r\u00e9alit\u00e9 ?\u00a0\u00bb"},"content":{"rendered":"<p>&nbsp;<\/p>\n<p style=\"text-align: justify;\">Cette seconde \u00e9dition s&rsquo;est d\u00e9roul\u00e9e le <strong>vendredi 4 mai<\/strong> \u00e0 l&rsquo;<strong>UPFR Sports<\/strong> (amphith\u00e9\u00e2tre), \u00e0 Besan\u00e7on (campus de la Bouloie). 5 conf\u00e9rences \u00e9taient propos\u00e9es pour d\u00e9crypter les super-h\u00e9ros, d&rsquo;un point de vue aussi bien sociologique que biologique.<\/p>\n<p>&nbsp;<\/p>\n<p><a href=\"http:\/\/fiction-science.com\/wp-content\/uploads\/2018\/04\/AFFICHE-SH-2.jpg\"><img loading=\"lazy\" class=\"size-medium wp-image-161 aligncenter\" src=\"http:\/\/fiction-science.com\/wp-content\/uploads\/2018\/04\/AFFICHE-SH-2-225x300.jpg\" alt=\"\" width=\"225\" height=\"300\" \/><\/a><\/p>\n<h3 style=\"text-align: center;\"><span style=\"text-decoration: underline; color: #000080;\"><strong><a style=\"color: #000080; text-decoration: underline;\" href=\"http:\/\/fiction-science.com\/wp-content\/uploads\/2022\/04\/livret_superheros.pdf\" target=\"_blank\" rel=\"noopener\">Programme complet<\/a><\/strong><\/span><\/h3>\n<p style=\"text-align: center;\">10h00 :<span style=\"color: #000080;\"><strong><em> Introduction : les super-h\u00e9ros, mythe ou r\u00e9alit\u00e9 ?<\/em><\/strong><\/span><br \/>\nAudrey Tuaillon Dem\u00e9sy &amp; Sidney Grospr\u00eatre<\/p>\n<p style=\"text-align: center;\">10h15 :<span style=\"color: #000080;\"><strong><em> Entra\u00eenement et technologie : tout le monde peut-il \u00eatre un super-h\u00e9ros ?<\/em><\/strong><\/span><br \/>\nSidney Grospr\u00eatre, Sciences de l\u2019entra\u00eenement<\/p>\n<p style=\"text-align: center;\">10h45 :<span style=\"color: #000080;\"><strong><em> Loki : super-h\u00e9ros ou super-vilain ? Ce qu\u2019en dit la mythologie nordique<\/em><\/strong><\/span><br \/>\nLaurent Di Fillippo, Sciences de l\u2019information et de la communication<\/p>\n<p style=\"text-align: center;\">11h15 :<span style=\"color: #000080;\"><strong><em> T\u00e9l\u00e9kin\u00e9sie, t\u00e9l\u00e9pathie : les super pouvoirs du cerveau<\/em><\/strong><\/span><br \/>\nThomas Jacquet, Neurosciences<\/p>\n<hr \/>\n<p style=\"text-align: center;\">14h00 : <span style=\"color: #000080;\"><strong><em>Les super-h\u00e9ro\u00efnes et leur pouvoir de s\u00e9duction<\/em><\/strong><\/span><br \/>\nS\u00e9bastien Haissat, Sociologie<\/p>\n<p style=\"text-align: center;\">14h30 :<span style=\"color: #000080;\"><strong><em> Quand ils se prennent pour des pompiers, les super-h\u00e9ros s\u2019enflamment-ils ?<\/em><\/strong><\/span><br \/>\nPhil\u00e9mon Marcel-Millet, Physiologie<\/p>\n<p style=\"text-align: center;\">15h00-15h30 :<span style=\"color: #000080;\"><strong> Pause-caf\u00e9<\/strong><\/span><\/p>\n<p style=\"text-align: center;\">15h30 :<span style=\"color: #000080;\"><strong> Extraits de films comment\u00e9s par les intervenants<\/strong><\/span><\/p>\n<p style=\"text-align: center;\">16h15 : <span style=\"color: #000080;\"><strong>Super-mot de la fin<\/strong><\/span><\/p>\n<p>&nbsp;<\/p>\n","protected":false},"excerpt":{"rendered":"<p>&nbsp; Cette seconde \u00e9dition s&rsquo;est d\u00e9roul\u00e9e le vendredi 4 mai \u00e0 l&rsquo;UPFR Sports (amphith\u00e9\u00e2tre), \u00e0 Besan\u00e7on (campus de la Bouloie). 5 conf\u00e9rences \u00e9taient propos\u00e9es pour d\u00e9crypter les super-h\u00e9ros, d&rsquo;un point de vue aussi bien sociologique que biologique. &nbsp; Programme complet 10h00 : Introduction : les super-h\u00e9ros, mythe ou r\u00e9alit\u00e9 ? Audrey Tuaillon Dem\u00e9sy &amp; Sidney&#8230; <a class=\"more-link\" href=\"http:\/\/fiction-science.com\/index.php\/super-heros-mythe-ou-realite-2\/#more-198\">Lire la Suite &rarr;<\/a><\/p>\n","protected":false},"author":1,"featured_media":0,"parent":0,"menu_order":0,"comment_status":"closed","ping_status":"closed","template":"","meta":[],"_links":{"self":[{"href":"http:\/\/fiction-science.com\/index.php\/wp-json\/wp\/v2\/pages\/198"}],"collection":[{"href":"http:\/\/fiction-science.com\/index.php\/wp-json\/wp\/v2\/pages"}],"about":[{"href":"http:\/\/fiction-science.com\/index.php\/wp-json\/wp\/v2\/types\/page"}],"author":[{"embeddable":true,"href":"http:\/\/fiction-science.com\/index.php\/wp-json\/wp\/v2\/users\/1"}],"replies":[{"embeddable":true,"href":"http:\/\/fiction-science.com\/index.php\/wp-json\/wp\/v2\/comments?post=198"}],"version-history":[{"count":1,"href":"http:\/\/fiction-science.com\/index.php\/wp-json\/wp\/v2\/pages\/198\/revisions"}],"predecessor-version":[{"id":588,"href":"http:\/\/fiction-science.com\/index.php\/wp-json\/wp\/v2\/pages\/198\/revisions\/588"}],"wp:attachment":[{"href":"http:\/\/fiction-science.com\/index.php\/wp-json\/wp\/v2\/media?parent=198"}],"curies":[{"name":"wp","href":"https:\/\/api.w.org\/{rel}","templated":true}]}}