{"id":166,"date":"2018-03-19T20:25:32","date_gmt":"2018-03-19T20:25:32","guid":{"rendered":"https:\/\/rencontreuniversitaire.wordpress.com\/?page_id=2"},"modified":"2021-07-17T11:44:58","modified_gmt":"2021-07-17T09:44:58","slug":"a-propos","status":"publish","type":"page","link":"http:\/\/fiction-science.com\/index.php\/a-propos\/","title":{"rendered":"\u00c0 propos"},"content":{"rendered":"<p style=\"text-align: justify;\">L&rsquo;objectif des Rencontres universitaires est de proposer un espace de dialogue entre r\u00e9alit\u00e9 scientifique et productions fictionnelles. Chaque ann\u00e9e, un th\u00e8me de la culture populaire (2017 : <em>les zombies<\/em>, 2018 : <em>les super-h\u00e9ros<\/em>) est d\u00e9crypt\u00e9 par des chercheurs qui tentent de r\u00e9pondre \u00e0 la question : \u00ab\u00a0mythe ou r\u00e9alit\u00e9 ?\u00a0\u00bb. L&rsquo;\u00e9v\u00e9nement, ouvert \u00e0 tous, prend la forme de conf\u00e9rences vulgaris\u00e9es.<\/p>\r\n<p style=\"text-align: justify;\">Les Rencontres universitaires sont organis\u00e9es \u00e0 la facult\u00e9 des Sciences du Sport de Besan\u00e7on (UPFR Sport) par deux chercheurs, Audrey Tuaillon Dem\u00e9sy et Sidney Grospr\u00eatre. L&rsquo;une est sociologue, l&rsquo;autre est physiologiste. C&rsquo;est donc sous le signe de la pluridisciplinarit\u00e9 que ces \u00e9v\u00e9nements se placent ! Il s&rsquo;agit de faire r\u00e9fl\u00e9chir sur le corps et le cerveau ou encore, sur l\u2019histoire et la soci\u00e9t\u00e9 contemporaine, au travers d\u2019une th\u00e9matique connue de tous et qui en passionnera plus d\u2019un.<\/p>\r\n<p>&nbsp;<\/p>\r\n<p class=\"has-text-align-center\" style=\"text-align: justify;\"><strong>N&rsquo;h\u00e9sitez pas \u00e0 nous contacter pour toute question relative aux \u00e9v\u00e8nements. De m\u00eame, si vous souhaitez proposer vos id\u00e9es, collaborer \u00e0 nos actions, nous accueillerons quiconque partage notre passion de la vulgarisation scientifique \u00e0 bras ouverts !<\/strong><\/p>\r\n<!-- \/wp:paragraph -->\r\n\r\n<!-- wp:separator --><hr class=\"wp-block-separator\" \/><!-- \/wp:separator -->\r\n\r\n<!-- wp:wpforms\/form-selector {\"formId\":\"381\"} \/-->\r\n\r\n<!-- wp:paragraph -->\r\n<div class=\"wpforms-container wpforms-container-full\" id=\"wpforms-381\"><form id=\"wpforms-form-381\" class=\"wpforms-validate wpforms-form\" data-formid=\"381\" method=\"post\" enctype=\"multipart\/form-data\" action=\"\/index.php\/wp-json\/wp\/v2\/pages\/166\" data-token=\"306ea717e0eaea20e46fb621a8a3f6db\"><noscript class=\"wpforms-error-noscript\">Veuillez activer JavaScript dans votre navigateur pour remplir ce formulaire.<\/noscript><div class=\"wpforms-field-container\"><div id=\"wpforms-381-field_0-container\" class=\"wpforms-field wpforms-field-name\" data-field-id=\"0\"><label class=\"wpforms-field-label\" for=\"wpforms-381-field_0\">Nom <span class=\"wpforms-required-label\">*<\/span><\/label><div class=\"wpforms-field-row wpforms-field-medium\"><div class=\"wpforms-field-row-block wpforms-first wpforms-one-half\"><input type=\"text\" id=\"wpforms-381-field_0\" class=\"wpforms-field-name-first wpforms-field-required\" name=\"wpforms[fields][0][first]\" required><label for=\"wpforms-381-field_0\" class=\"wpforms-field-sublabel after \">Pr\u00e9nom<\/label><\/div><div class=\"wpforms-field-row-block wpforms-one-half\"><input type=\"text\" id=\"wpforms-381-field_0-last\" class=\"wpforms-field-name-last wpforms-field-required\" name=\"wpforms[fields][0][last]\" required><label for=\"wpforms-381-field_0-last\" class=\"wpforms-field-sublabel after \">Nom<\/label><\/div><\/div><\/div><div id=\"wpforms-381-field_1-container\" class=\"wpforms-field wpforms-field-email\" data-field-id=\"1\"><label class=\"wpforms-field-label\" for=\"wpforms-381-field_1\">E-mail <span class=\"wpforms-required-label\">*<\/span><\/label><input type=\"email\" id=\"wpforms-381-field_1\" class=\"wpforms-field-medium wpforms-field-required\" name=\"wpforms[fields][1]\" required><\/div><div id=\"wpforms-381-field_2-container\" class=\"wpforms-field wpforms-field-textarea\" data-field-id=\"2\"><label class=\"wpforms-field-label\" for=\"wpforms-381-field_2\">Commentaire ou message <span class=\"wpforms-required-label\">*<\/span><\/label><textarea id=\"wpforms-381-field_2\" class=\"wpforms-field-medium wpforms-field-required\" name=\"wpforms[fields][2]\" required><\/textarea><\/div><\/div><div class=\"wpforms-submit-container\"><input type=\"hidden\" name=\"wpforms[id]\" value=\"381\"><input type=\"hidden\" name=\"wpforms[author]\" value=\"1\"><button type=\"submit\" name=\"wpforms[submit]\" id=\"wpforms-submit-381\" class=\"wpforms-submit\" data-alt-text=\"Envoi...\" data-submit-text=\"Envoyer\" aria-live=\"assertive\" value=\"wpforms-submit\">Envoyer<\/button><\/div><\/form><\/div>  <!-- .wpforms-container -->","protected":false},"excerpt":{"rendered":"<p>L&rsquo;objectif des Rencontres universitaires est de proposer un espace de dialogue entre r\u00e9alit\u00e9 scientifique et productions fictionnelles. Chaque ann\u00e9e, un th\u00e8me de la culture populaire (2017 : les zombies, 2018 : les super-h\u00e9ros) est d\u00e9crypt\u00e9 par des chercheurs qui tentent de r\u00e9pondre \u00e0 la question : \u00ab\u00a0mythe ou r\u00e9alit\u00e9 ?\u00a0\u00bb. L&rsquo;\u00e9v\u00e9nement, ouvert \u00e0 tous, prend&#8230; <a class=\"more-link\" href=\"http:\/\/fiction-science.com\/index.php\/a-propos\/#more-166\">Lire la Suite &rarr;<\/a><\/p>\n","protected":false},"author":1,"featured_media":0,"parent":0,"menu_order":1,"comment_status":"closed","ping_status":"closed","template":"","meta":[],"_links":{"self":[{"href":"http:\/\/fiction-science.com\/index.php\/wp-json\/wp\/v2\/pages\/166"}],"collection":[{"href":"http:\/\/fiction-science.com\/index.php\/wp-json\/wp\/v2\/pages"}],"about":[{"href":"http:\/\/fiction-science.com\/index.php\/wp-json\/wp\/v2\/types\/page"}],"author":[{"embeddable":true,"href":"http:\/\/fiction-science.com\/index.php\/wp-json\/wp\/v2\/users\/1"}],"replies":[{"embeddable":true,"href":"http:\/\/fiction-science.com\/index.php\/wp-json\/wp\/v2\/comments?post=166"}],"version-history":[{"count":2,"href":"http:\/\/fiction-science.com\/index.php\/wp-json\/wp\/v2\/pages\/166\/revisions"}],"predecessor-version":[{"id":464,"href":"http:\/\/fiction-science.com\/index.php\/wp-json\/wp\/v2\/pages\/166\/revisions\/464"}],"wp:attachment":[{"href":"http:\/\/fiction-science.com\/index.php\/wp-json\/wp\/v2\/media?parent=166"}],"curies":[{"name":"wp","href":"https:\/\/api.w.org\/{rel}","templated":true}]}}